ivative of -10*l + 0 + l**2 - 1/6*l**3. What is j(3)?
-1
Suppose -3*n = -0*n + 21. Let f(s) = -8*s - 8*s**2 - 10426 + s + 10419 - s**3. What is f(n)?
-7
Let x(t) = -t**3 + 2*t**2 - 1. Let l(c) = -c**3 + 9*c**2 - 4. Let u(s) = l(s) - 2*x(s). What is u(-3)?
16
Suppose 5*j + 26 = 1, -4 = -3*m - 4*j. Suppose 3*u = -5*k + 4, 0 = -0*k + 2*k + m. Let l(v) = -v**3 + 7*v**2 + 8*v + 8. What is l(u)?
8
Suppose 11 = 2*i - 3*n, 4*i + 2*n = 5 + 9. Let r(a) = -a**3 + 3*a**2 - 3*a + 6. Give r(i).
-22
Let a(d) be the first derivative of -d**2/2 + 7*d - 50. Calculate a(-11).
18
Let d(m) = -m**3 + m - 5. Suppose -1065 = -12*c - 45. Let t = 85 - c. Determine d(t).
-5
Let o(y) = y - 7. Let m(b) = b - 8. Let v(t) = 3*m(t) - 4*o(t). Suppose 4*i + i = 270. Let k = 54 - i. Give v(k).
4
Let f = -34 - -29. Let c be f/10 - 42/(-4). Let h(l) = 2 - 2*l - 15*l**3 - 9*l**2 + c*l - 12*l**3 + 28*l**3. Determine h(8).
2
Let o(t) = 2*t**2 + 10*t + 2. Let v(j) = 6*j**2 + 29*j + 7. Let a(g) = 8*o(g) - 3*v(g). Calculate a(-4).
-9
Let l(z) be the third derivative of 0 - 1/60*z**5 - 5/24*z**4 - 1/2*z**3 + 0*z + 31*z**2. Give l(-7).
-17
Let t = -66 - -67. Let k(j) = -j**3 - j**2 - j + 1. What is k(t)?
-2
Let y(j) = -12*j + 1. Let u = -57 + 70. Suppose -14*p - 1 = -u*p. Determine y(p).
13
Let a(n) = 87 - 78 - n**3 - 73*n + 79*n - 5*n**2. Let b = 6 - 12. Calculate a(b).
9
Let d(o) = o**2. Let g be 6/5 + 54/(-270). What is d(g)?
1
Let w(t) be the first derivative of 3*t**4/2 + 2*t**3/3 - t - 1. Let q = -260 - -144. Let o = q - -117. Calculate w(o).
7
Let q = -8 + 9. Let b = 2 + q. Let n(k) = -22*k + b*k**2 + 2*k**2 - 2 + 3 + 23*k - k**3. What is n(5)?
6
Let l be (3 - (5 - 5))/(12/(-16)). Let t(d) = 3*d**2 + 4*d - 3. Let v(k) = k**2. Let n(h) = -t(h) + 2*v(h). Calculate n(l).
3
Suppose -3*m - 1 = -g, 3*g - 43 = m - 56. Let v(y) = -y**3 - 2*y**2 + 3*y + 7. What is v(m)?
1
Let c be ((-11)/15 - 4/(-10))*-3. Let m be (0 - 1)*-1 + -2. Let q = m - c. Let x(h) = h**2 - 3*h - 3. Give x(q).
7
Let o be (-1)/(1/(-2)) - -2. Let b(a) = -a + 19. Let w(k) = -k + 18. Let s(d) = o*w(d) - 3*b(d). Determine s(0).
15
Let u = -164 + 166. Let r(q) be the first derivative of 3/2*q**2 - 2*q - 1/3*q**3 - u. What is r(4)?
-6
Let i(s) = 0*s**2 - 8 + s**2 + 0*s**2. Let q be 7/(-2)*(-24)/42. Suppose -q*l - l = 0. Calculate i(l).
-8
Let l(j) = 2*j + j**2 + 4*j**2 - 14*j**2 - 4*j + 1. Give l(1).
-10
Let d(j) be the third derivative of -j**6/120 + j**5/10 - j**4/24 + 4*j**3/3 + 9*j**2 - 4*j. Suppose 2*h = 4*h + 5*r - 27, -3*r = -h - 3. What is d(h)?
2
Let q(g) = 4*g - 2. Let n(a) = a**2 + 5*a - 3. Let b(j) = -3*n(j) + 4*q(j). Let c = -80 + 79. What is b(c)?
-3
Let m(w) = -8*w + 39 + 12*w - 2*w. Calculate m(-17).
5
Suppose 4*c + 20 = -b, 5*b - 4*c + c = -215. Let q be (-3 + b/(-12))*6. Let a(v) = -10*v**2 - 3 + 1 + 2*v + 9*v**q + 2*v. Give a(3).
1
Let v be ((-22)/(-14))/(1/(-7)). Let g(b) = -b - 6. What is g(v)?
5
Let p(t) = t - 17. Suppose -85 = -4*r + 147. Let z = r - 51. What is p(z)?
-10
Let p(l) = -9*l + 7*l + 17 + 8*l - 2*l - 15 - l**2. Give p(8).
-30
Let i(w) = w**2 - 4*w + 9. Suppose 2*b + 3*b = -2*k + 34, -5*b + 36 = 3*k. What is i(b)?
21
Let o = 20 + -18. Let p(t) = 6*t + t**o - 2*t**2 - 3 - t. Suppose 2 = x - 2. Give p(x).
1
Let x(j) = 1 + j**2 + 50*j + 12 - 59*j + 5*j**2 - 7*j**2. What is x(-10)?
3
Let j(x) = 2. Let h(l) = -l + 2. Let s(f) = 2*f - 5. Let t be s(5). Suppose y = t*o - 8, -2*o = 3*o - 5. Let g(d) = y*j(d) + 2*h(d). Calculate g(-3).
4
Let a(t) = -4*t**2 - 3*t + 7. Let k be -1 - 1 - 50/(-10). Let x(l) = 3*l**2 + 4*l - 7. Let s(w) = k*x(w) + 2*a(w). Calculate s(-7).
0
Let d(a) = a**3 - 11*a**2 - 14*a + 4. Let u(b) = b**3 - 42*b**2 + 38*b + 135. Let t be u(41). Calculate d(t).
-20
Let y(h) = 5*h**2 + 2*h - 1. Let t be y(1). Let u(l) = 1. Let z(g) = -3*g + 7. Let n(m) = -3*u(m) + z(m). Give n(t).
-14
Let w(k) = k**2 + 12*k + 6. Suppose -4*p - 4*v - 119 + 63 = 0, -15 = 5*v. Calculate w(p).
-5
Let l = 48 - 43. Let x(y) = -3*y**3 + 14*y**2 - 5*y - 1. Let t(p) = p**3 - 7*p**2 + 2*p. Let v(g) = l*t(g) + 2*x(g). Give v(-7).
-2
Let h(f) be the third derivative of f**6/120 - f**5/60 - f**4/24 - f**3/3 - 239*f**2 - 2. Suppose -3*k = -2*k - 2. Suppose -k*x = -6*x. Determine h(x).
-2
Let n(m) = m + 5 + 1 - 4 + 4. What is n(-12)?
-6
Let v(b) = -16*b - 665. Let r be v(-40). Let j(l) = l**3 + 26*l**2 + 23*l - 50. Give j(r).
0
Let g(n) be the third derivative of n**5/20 - n**3/6 - 25*n**2 + 4. What is g(2)?
11
Let i(z) = -z + 2. Let y(t) = -2*t - 1. Let p(b) = -7*b - 9. Let v(m) = p(m) - 4*y(m). Let a = 16 + -11. Let d be v(a). Give i(d).
2
Let g be ((-3)/(-4))/((-1)/4). Let v(h) = -4219*h**3 + 8439*h**3 - 5*h - 4 - 4219*h**3 + h**2. Give v(g).
-7
Let b(s) = s**2 + s. Let l(c) = -c**3 - 8*c**2 + 4*c + 2. Suppose -5 = -5*g - 0. Let a = 6 - 3. Let p(t) = a*b(t) + g*l(t). Give p(-6).
-4
Let g(v) = v**3 - 6*v**2 + 6*v - 9. Suppose -5*b = -2*w + 7, -5*w + 17*b - 18*b + 31 = 0. Give g(w).
27
Let r(d) = 24*d + 7. Let f(v) = -50*v - 16. Let b(s) = -4*f(s) - 9*r(s). Give b(-3).
49
Suppose -8 - 4 = 3*c. Let a(f) = -f**3 - f**2 + f - 1. Let u(y) = y**2 - 4*y**2 + 0*y**2 + 3*y - 8*y + y**3 - 4. Let j(g) = 2*a(g) + u(g). What is j(c)?
-10
Let d(j) be the third derivative of -j**4/24 - j**3/3 + 30*j**2. What is d(5)?
-7
Suppose -106*k = -99*k + 210. Let t be 1 + (1995/(-225) - (-4)/k). Let c(p) = p - 7. Give c(t).
-15
Let t(j) be the second derivative of -j**3/6 + j**2/2 - 41*j. Determine t(-6).
7
Let q = 77/192 - 15/64. Let c(x) be the second derivative of 0 + 15/2*x**2 - q*x**3 + 5*x. What is c(7)?
8
Let v(w) = 4*w**2 + 11*w + 2. Let m(t) = -8*t**2 + 53*t + 18. Let y be m(7). Calculate v(y).
5
Let p be 0 + 3/(-9) + 2/6. Let n(h) = h + p + 10 - 7. Let l(w) = -w**3 + w**2 + w - 3. Let r be l(0). Calculate n(r).
0
Let a(c) = -c**3 - 5*c**2 + c + 2. Let f(y) = -5*y**2 - 1 + 2*y**2 - 3*y**2 - 2*y. Suppose -12*i - 3 = -9*i. Let b be f(i). What is a(b)?
-3
Let p = 0 + 0. Let j(a) = a**2 + 7*a - 5. Let w be j(-8). Suppose w*q = -f + 9, p*q = -f - q + 1. Let n(h) = -3*h - 1. Give n(f).
8
Let s be 4 - (-2 + 3 + 1). Suppose -s*f - 3 = 1. Let a(b) = 2*b**2 + 3*b + 2. Calculate a(f).
4
Let p be (5/(-5))/((15/18)/(-5)). Let o(l) = -13*l**2 + 15*l - 19. Let f(n) = 3*n**2 - 4*n + 5. Let r(v) = 9*f(v) + 2*o(v). What is r(p)?
7
Let v(n) = -n**3 + 7*n**2 - 8*n + 5. Let u(m) = 7*m - 20. Let b be u(4). Let h be 4/(3/((-6)/4)) + b. Give v(h).
-7
Let v(k) be the second derivative of 5/2*k**2 + 1/20*k**5 - 1/2*k**4 + 0 + 2/3*k**3 + 22*k. Calculate v(5).
0
Suppose -76 = -5*c + v, 108*v = -5*c + 106*v + 88. Let l(t) = -t - 6. Determine l(c).
-22
Let b(o) = -o + 1. Let a(l) = 2*l + 4. Let k(q) = -a(q) - 3*b(q). Suppose 4*p = 5*n - 45, 2*n + p + 2*p = 18. Let t be (-1*n)/(6/(-4)). Give k(t).
-1
Let r(a) = a**2 + 15*a + 4. Let v be r(-15). Suppose b - v = 4. Suppose 4*z + b = -2*g + 2*z, 2*g = 3*z + 7. Let n(y) = 13*y + 1. Determine n(g).
-12
Let m(k) = 10*k + 2*k - 12*k + k + 6 + 0*k. Determine m(5).
11
Let c = 38 + -42. Let a(q) = 5*q + 9. Let s(t) = t + 1. Let h(d) = c*s(d) + a(d). What is h(7)?
12
Let t(f) = -f**2 - 7*f + 1. Let k(x) be the first derivative of -x**2/2 - 12*x + 4. Let g be k(-6). Let v be t(g). Let r(c) = c**2 - 6*c - 9. Give r(v).
-2
Let m(p) = -31*p**2 + 1. Let w = 1190 - 1189. What is m(w)?
-30
Let l(x) = -4*x**2 + 5*x - 5. Let m(w) = 5*w**2 - 6*w + 6. Let h(r) = 6*l(r) + 5*m(r). Let k(u) = u**2 - 16*u + 1. Let j be k(16). Determine h(j).
1
Let y(n) = -10*n + 1. Let t(z) = -z**2 + 2*z + 2. Let d be t(0). Calculate y(d).
-19
Let k be 4/(-6) + 29/3. Let g(r) = 7*r - 6*r + k*r. Suppose 3*n - 13 = -2*h, 0 = -4*h + 3*n - 20 + 1. Give g(h).
-10
Let x = 11 + -8. Let r(u) = -u**2 + 0*u**3 + 4 - 2*u**2 - 2*u + 4*u**x. Let k(g) = 3*g**3 - 3*g**2 - 2*g + 3. Let i(c) = 3*k(c) - 2*r(c). Determine i(3).
-5
Let q be (42/49)/(((-30)/(-35))/(-6)). Let a(v) = -v**3 - 7*v**2 - 4*v - 4. Determine a(q).
-16
Let c(l) = l**2 + 8*l + 4. Let w = 95 - 100. Determine c(w).
-11
Let a be 7 + -8 + (3 - 5). Let g(b) be the third derivative of -b**6/120 - b**5/20 - b**4/24 + 2*b**3/3 + 2*b**2. Determine g(a).
7
Let s(d) be the first derivative of 19*d**2/2 - d + 375. Give s(1).
18
Let u(m) be the second derivative of m**5/20 + m**4/4 - 2*m**3/3 + 3*m**2 + 40*